 + j. What is the units digit of c?
8
Let z = -2233 - -3136. What is the units digit of z?
3
Let a be 3740/(-1100) - ((-18)/10)/(-3). Let o = -12 - -22. Let n = o - a. What is the units digit of n?
4
Let a(g) = g**2 + 2*g - 5. Let p be a(2). What is the units digit of (10/p)/((-18)/(-297))?
5
Suppose -3*m = -5*q - 17485, q + 17487 = 3*m - 2*q. What is the thousands digit of m?
5
Suppose -8*d = -22*d + 27972. What is the units digit of d?
8
Let t = -409 - -2509. What is the hundreds digit of t?
1
What is the tens digit of (-10 - -865) + 2 + -4 + 1?
5
Suppose -2*x - 5*t + 2*t = 19, 3*x - 3*t = -21. Let f = x + 12. What is the units digit of (-72)/60*(-10)/f?
3
Let w(h) be the first derivative of -h**3/3 + 8*h**2 - 3*h - 2. Let u be w(11). Suppose -3*r - 3*d = -39, 0 = -5*r + 3*d + u + 45. What is the units digit of r?
7
Suppose 9 - 4 = c. Suppose 4*k - 78 = -2*p + 74, -298 = -4*p - c*k. Suppose -p = -4*i - t + 3*t, 4 = 2*t. What is the units digit of i?
9
Let c = -20 + 24. Suppose 3*s - 5*t - 42 = -2*t, -11 = -s + c*t. What is the units digit of s?
5
What is the hundreds digit of ((-1710)/12)/((-1)/2) - 0?
2
Let y = 27 - 4. Let j = y + -19. Suppose -j*b + 54 = -86. What is the tens digit of b?
3
Let w = 70 + -66. Let k(l) = -21*l - 1. Let x be k(-2). Suppose x = w*o - 15. What is the tens digit of o?
1
Let h = -37 - -42. Suppose -2*n = -x - 3*x + 282, -h*x + n + 357 = 0. What is the tens digit of x?
7
Let d = -197 - -555. Suppose 0 = 5*j - 4*b - d, 8*b = -2*j + 5*b + 157. What is the units digit of j?
4
Suppose -5*h + 0 = -2*a - 33, 4*a + 26 = 2*h. Suppose -h*p = -0*p - 415. Suppose q - 109 = -5*s, 4*s + 0*q - p = -5*q. What is the tens digit of s?
2
Suppose -5*k + 263 = -47. Let h = 138 - k. What is the units digit of h?
6
Let d = 68 + 210. What is the units digit of d?
8
Let d = -29 + 28. What is the tens digit of 14*(13/(-2))/d?
9
Suppose 2*b + 3*b - 3*w = 37, -2*w + 2 = 2*b. Suppose -2*a = -b*a - 15. What is the tens digit of 10/a*165/(-6)?
5
Let t(p) = -133*p + 27. What is the tens digit of t(-3)?
2
Let w = -236 + 1854. What is the thousands digit of w?
1
Let l = 73 + -80. Let w(m) be the third derivative of m**5/60 - 5*m**4/24 - 11*m**3/6 + 2*m**2. What is the tens digit of w(l)?
7
Let n be (27/12)/((-3)/(-48)*6). Suppose 5*a = n*a - 112. What is the hundreds digit of a?
1
Let a = 32 + 390. Suppose 3*p + 4*d + 74 - a = 0, 5*p - 5*d = 545. What is the hundreds digit of p?
1
Suppose 3*g - b + 3 = b, -4*g - 5*b = 27. What is the units digit of (159*-2)/(-2) - g?
2
Suppose 10*f + 56 = -24. Let t = 39 - 26. Let l = f + t. What is the units digit of l?
5
Let d(k) = k**3 - 11*k**2 + 26*k + 71. What is the units digit of d(14)?
3
What is the units digit of (14 + (-17920)/(-30))/(2/3)?
7
Let r = 35 + -17. Suppose -15*q + r*q - 213 = 0. What is the units digit of q?
1
Let d(c) be the first derivative of 11*c + 1/3*c**3 + 5 + 5/2*c**2. What is the tens digit of d(-8)?
3
Let l = -69 + 44. Let p = l - -27. Suppose 3*c - j - 293 = -p*c, 2*j - 52 = -c. What is the units digit of c?
8
Let z = -44 - -3155. What is the hundreds digit of z?
1
Suppose -5*f + 8 = -22. Let z = 8 - f. Suppose 12 = -3*l, z*l = 5*p - 123 - 15. What is the tens digit of p?
2
Let q be 4/(-10) + (-335)/(-25). Let g = q + -11. What is the units digit of 206/6 - g/(-3)?
5
Let h be (320/(-50))/((-1)/(-5)). Let a = h - -48. What is the units digit of (-12)/a + 19/4?
4
Let j = 24 - -1. Let g = -17 + j. Suppose -b - g = -26. What is the tens digit of b?
1
Let a = 287 - -108. What is the tens digit of a?
9
What is the tens digit of ((-5)/15)/(414022/(-82803) + 5)?
4
Let p be ((-6)/(-4) - 2)*-26. Let b be 7 - (1 + -3 + -1). Let k = p - b. What is the units digit of k?
3
Suppose -7*x = -3*x + 40. Let o = 8 - x. What is the units digit of o?
8
Let g be (-241 - (3 - -1))*(-14)/5. Suppose -4*b - 309 = -2*p + 59, 2*b = -4*p + g. What is the units digit of p?
4
Let w be (-22)/(-5) + (-2)/5. Suppose 2*c - 18 = -2*y, -7*c - w*y = -2*c - 46. What is the tens digit of c?
1
Let w(r) = 5*r**2 + 20*r - 25. What is the units digit of w(7)?
0
Let n(i) = 4*i - 9. Let z be n(9). Let u = 68 - z. What is the units digit of u?
1
Suppose -2*z - 3*l = -2*l - 148, -5*z + 368 = 2*l. What is the units digit of ((-126)/z)/((-1)/12)?
1
Let d(r) = r**2 + 7*r - 40. What is the units digit of d(-15)?
0
Let w(p) = -p + 24. Suppose -11*s - 75 = -16*s. What is the units digit of w(s)?
9
Let k be (0/2)/((-6)/(4 - 1)). What is the tens digit of (k + (3 - -12))*16/10?
2
Suppose -143 = 32*o - 37*o - c, 0 = -o + 5*c + 13. What is the units digit of o?
8
Let k be -3*1 + (6 + 7 - 5). Suppose 115 = 3*m + k*j, 4*m - j - 110 = j. What is the tens digit of m?
3
Let o(x) = x**2 + x + 66. Let j be o(-15). Suppose -23*h + 19*h = -j. What is the units digit of h?
9
Let y = -18 + -1. Let l = 21 + y. Suppose 0*z + 4*z + 4*x = 160, -142 = -4*z + l*x. What is the units digit of z?
7
Suppose t - 1407 = -2*m, 4*t + 11*m - 15*m - 5676 = 0. What is the tens digit of t?
1
Suppose 9*n - 4*n - 55 = 0. Suppose -4 - n = 3*c, -3*c = 5*w - 310. What is the units digit of w?
5
Let u = 4 + -6. What is the units digit of 10*u*(-5)/4?
5
Let n(r) = r - 5. Let o = -5 - -12. Let g be n(o). Suppose -5*f = -2*k - 211, -g*k = -3*f - 87 + 216. What is the tens digit of f?
4
Suppose -46*l = -45*l - 1179. Suppose s = 10*s - l. What is the hundreds digit of s?
1
Let p be (0 + 3/2)/((-3)/(-6)). Suppose -2*y + 3*x + 172 = 0, -p*x = -y + 41 + 39. What is the units digit of y?
2
Let o(a) = -a**2 + 9*a - 4. Let g be o(8). Suppose g*u - 5*w = 136, 4*u + w = 5*u - 33. What is the tens digit of u?
2
Let q(m) = m. Let g(o) = 21*o. Let x(z) = g(z) - 5*q(z). Let l be x(2). Suppose 0 = 3*h + 4*a - 127, -4*a + 5 = h - l. What is the units digit of h?
5
Suppose -3700 = -27*m + 4265. What is the tens digit of m?
9
Let i(m) = -133*m. Let o be 4*1 - (-15)/(-3). What is the units digit of i(o)?
3
Let f(z) = 163*z**2 - 31*z - 66. What is the units digit of f(-2)?
8
Suppose -6*u = 4 + 20. Let x(g) = -14*g + 13. What is the units digit of x(u)?
9
Let d = 1368 + 297. What is the thousands digit of d?
1
Let k(u) = 1009*u + 90. What is the hundreds digit of k(5)?
1
What is the tens digit of 552 + (-1)/(-12)*0?
5
Suppose -3*p - 2*y = -5825, 0*y - 5849 = -3*p - 8*y. What is the tens digit of p?
3
What is the units digit of 2/4*-4*(-363)/3?
2
Let u(y) be the third derivative of -13*y**7/2520 + y**6/240 + y**5/30 - 5*y**2. Let c(p) be the third derivative of u(p). What is the tens digit of c(-2)?
5
Let u = -225 + 244. What is the units digit of u?
9
What is the tens digit of (-5 + 7)*278/2?
7
What is the hundreds digit of (((-2575)/15)/(-5))/(1/6)?
2
Let j(u) = -2*u**2 + 4*u + 10. Let n = -10 + 11. Let h(m) = m**2 - m - 1. Let c(r) = n*j(r) + 3*h(r). What is the units digit of c(-6)?
7
Let n(u) = 6*u**2 - 3*u - 1. Let d be ((-1)/2)/(22/88). What is the tens digit of n(d)?
2
Let w = -15 + 24. Let o = w - 8. What is the units digit of (2 - (o + -2)) + 3?
6
Let i(q) = 2*q**3 + 54*q**2 + 81*q - 92. What is the tens digit of i(-25)?
8
Let g be (-4)/2*15/(-6). Suppose -g*s - 1091 = -461. What is the units digit of (6/4)/((-9)/s)?
1
Suppose 0 = 9*q - 187 - 47. Let k = q - -62. What is the units digit of k?
8
Suppose g = 5*g + 8. Let z be g + (-1)/1 - -6. Let l = 10 - z. What is the units digit of l?
7
Let a = 81 + 801. What is the units digit of a?
2
Let h be (0/(12/3))/(-2). Suppose h = 4*r - 2*r - 56. What is the tens digit of r?
2
Suppose -12 = -2*g - l + 10, -4*l = -4*g + 56. Let a(p) = -p**3 + 13*p**2 - 7*p + 28. What is the tens digit of a(g)?
8
Let b(c) = -c**3 + 9*c**2 - c + 12. Let h be b(9). Let l = 10 - h. Let q(i) = i**2 - 7*i + 11. What is the units digit of q(l)?
1
Let y be -1 + 2 + -1 + 3. Suppose 5*o = 8*o + y. What is the tens digit of (204/(-6))/(o/1)?
3
Let h(u) = 198*u + 180. What is the hundreds digit of h(9)?
9
Suppose -6*x = -3*x - 450. Suppose j + 4 = 1, 3*v = -3*j + x. What is the tens digit of v?
5
Suppose 3*h + 18 = 2*h - 4*x, -x = -5*h + 15. Let z be (1/2)/(h/32). Suppose 0 = 3*y - z*y + 50. What is the units digit of y?
0
Let m = 20 + -24. Let v be (m - 20/(-6))*72. What is the tens digit of (v/(-7))/(11/77)?
4
Let i be (-8)/(-14)*(-14)/(-4). Suppose 122 = i*u - 5*x, 